-m**2 - 176*m - 2997. What is b(-157)?
-14
Let y(r) = -r**3 + 13*r**2 - 39*r + 333. Determine y(11).
146
Let s(m) = -m**2 + 343*m + 14054. What is s(-37)?
-6
Let z(l) = -675*l + 2026. Give z(3).
1
Let y(d) = 2*d**3 + 33*d**2 + 91*d - 368. Determine y(-10).
22
Let b(z) = 2989*z + 26897. Give b(-9).
-4
Let f(n) = 33*n - 3135. What is f(93)?
-66
Let z(f) = -f**3 + 46*f**2 - f + 78. Calculate z(46).
32
Let p(b) = b**2 + 19*b + 48. Calculate p(-15).
-12
Let i(x) = 815*x + 3246. Determine i(-4).
-14
Let d(g) = -g**2 + 48*g - 289. What is d(8)?
31
Let n(p) = -2*p**2 + 164*p + 17066. Calculate n(142).
26
Let k(a) = a**2 - 30*a + 1. What is k(29)?
-28
Let s(c) = 13*c + 651. Give s(-77).
-350
Let p(x) = 316*x - 532. Determine p(5).
1048
Let a(j) = -j**3 - 21*j**2 - 103*j - 2158. Determine a(-21).
5
Let j(o) = 6*o**2 - 7*o - 15. What is j(4)?
53
Let s(k) = 2*k**3 + 10*k**2 - 10*k + 5. Calculate s(-5).
55
Let h(t) = 36*t - 715. Calculate h(21).
41
Let p(h) = -h**3 - 16*h**2 - 42*h - 4. Calculate p(-15).
401
Let y(g) = -g**3 - 63*g**2 - 344*g - 16. What is y(-6)?
-4
Let w(z) = -z**3 - z**2 + 97*z - 421. Give w(-12).
-1
Let j(v) = v**3 + 395*v**2 - 1279*v - 33824. Determine j(-398).
6
Let z(i) = i**2 + 77*i + 934. Calculate z(-15).
4
Let u(y) = -y**3 - 2*y**2 + 8*y + 57. What is u(7)?
-328
Let j(d) = -d**2 + 60*d + 2463. Determine j(88).
-1
Let q(c) = c**3 - 32*c**2 + 26*c + 170. Determine q(31).
15
Let j(u) = u**3 - 30*u**2 - 8*u - 31. Give j(30).
-271
Let o(v) = 220*v - 2465. What is o(11)?
-45
Let s(f) = -f**3 - 7*f**2 - 51*f - 205. Calculate s(-5).
0
Let f(g) = 108*g - 230. Give f(4).
202
Let f(z) = 257*z - 806. Determine f(3).
-35
Let x(h) = -58*h + 3200. Determine x(53).
126
Let w(f) = -f**2 + 12*f + 549. Determine w(-18).
9
Let b(h) = -21*h**3 + 1599*h**2 - 232*h + 297. Determine b(76).
-7
Let t(c) = -6*c + 31. Determine t(10).
-29
Let w(l) = -l**3 + 8*l**2 - 5*l - 68. Calculate w(8).
-108
Let l(p) = p**3 + 8*p**2 + 8*p - 9. What is l(-6)?
15
Let y(x) = x - 149. Determine y(-66).
-215
Let b(f) = -6*f**2 - 33*f + 2. Determine b(-6).
-16
Let c(m) = -m**2 - 226*m - 1307. Determine c(-6).
13
Let c(p) = -118*p + 238. What is c(2)?
2
Let h(c) = -c**2 + 7*c + 22. Determine h(12).
-38
Let d(t) = 2*t**2 - 252*t + 1296. Determine d(121).
86
Let q(n) = n**3 - 34*n**2 - 113*n + 131. What is q(37)?
57
Let q(j) = 186*j**2 + 63*j - 121. What is q(2)?
749
Let j(a) = 3*a**3 - a**2 - 51*a + 104. Calculate j(2).
22
Let p(y) = y**3 - 24*y**2 + 136*y + 13. Determine p(10).
-27
Let z(p) = -p**3 - 32*p**2 - 14*p - 453. Determine z(-32).
-5
Let k(c) = -85*c - 4185. Calculate k(-49).
-20
Let u(y) = y**3 + 108*y**2 - 2555*y + 652. Give u(-128).
12
Let y(u) = -40*u**3 - 7*u**2 + 4*u + 1. What is y(1)?
-42
Let p(j) = -37*j**3 + j**2 + 6*j + 3. Calculate p(-1).
35
Let j(w) = -4*w**2 + 62*w - 10. Determine j(15).
20
Let q(j) = j**3 + 164*j**2 + 323*j - 25761. Determine q(-161).
-1
Let r(w) = w**2 - 36*w - 516. Determine r(-13).
121
Let q(b) = 18*b**2 - 9*b - 7. Give q(-2).
83
Let p(k) = 88*k - 592. What is p(7)?
24
Let c(k) = -k**3 - 6*k**2 + 29*k + 9. Calculate c(-9).
-9
Let a(u) = 13*u**2 - 1122*u + 5278. Give a(5).
-7
Let y(x) = x**3 + 31*x**2 + 15*x + 322. Determine y(-31).
-143
Let p(t) = -2*t**3 + 28*t**2 + 101*t + 28. Determine p(17).
11
Let o(w) = w**3 + 28*w**2 - 22*w + 160. What is o(-29)?
-43
Let s(p) = 365*p - 741. Give s(2).
-11
Let k(m) = -1071*m**2 + 19*m - 20. What is k(1)?
-1072
Let t(v) = 160*v - 2398. Determine t(15).
2
Let a(q) = -6*q**3 - 13*q - 18. Give a(-2).
56
Let p(v) = -1722*v - 13771. Calculate p(-8).
5
Let l(r) = 42*r**2 + 784*r - 266. Calculate l(-19).
0
Let i(y) = -1090*y + 6531. Give i(6).
-9
Let b(x) = -x**3 - 22*x**2 - 59*x - 374. Calculate b(-20).
6
Let f(q) = q**3 + 13*q**2 - 25*q - 336. Determine f(-13).
-11
Let u(a) = -a**3 - 7*a**2 - 15*a - 34. Give u(-5).
-9
Let f(o) = -57*o - 232. What is f(-8)?
224
Let t(b) = 45*b**2 + 1894*b + 169. Give t(-42).
1
Let u(v) = 4*v - 48. Calculate u(18).
24
Let l(n) = n**2 - 17*n + 1. What is l(17)?
1
Let l(g) = g**3 - 143*g**2 + 2377*g - 400. Determine l(19).
-1
Let n(j) = -2*j**3 - 19*j**2 - 61*j - 56. Calculate n(-2).
6
Let s(g) = g**3 - 4*g**2 + 22*g - 77. Give s(4).
11
Let j(w) = -1363*w - 5470. Calculate j(-4).
-18
Let z(j) = -j**2 - 58*j - 871. Determine z(-22).
-79
Let p(j) = j**3 - 7*j**2 + 26*j + 1. Calculate p(6).
121
Let g(r) = -18*r + 135. Determine g(6).
27
Let x(s) = 2*s**3 - 19*s**2 - 47*s + 562. Determine x(8).
-6
Let j(i) = 10*i - 317. Calculate j(25).
-67
Let r(m) = -1380*m - 5. Determine r(0).
-5
Let z(d) = -2*d**2 + 22*d + 70. Determine z(16).
-90
Let l(g) = 9*g**2 - 121*g + 53. Determine l(13).
1
Let o(s) = -s**2 + 12*s + 165. What is o(-8)?
5
Let u(g) = g**3 + 39*g**2 - 170*g - 74. Give u(-43).
-160
Let d(y) = y**3 - 12*y**2 - 179*y - 195. Calculate d(21).
15
Let m(g) = -g**2 + 42*g - 264. Give m(34).
8
Let a(c) = -c**2 - 33*c + 217. Determine a(6).
-17
Let j(s) = 61*s - 7. Give j(1).
54
Let b(i) = -226*i + 28911. What is b(128)?
-17
Let j(y) = y**2 - 71*y - 462. Determine j(-6).
0
Let c(y) = -6*y + 20. What is c(9)?
-34
Let r(m) = 3*m**2 - 83*m + 98. Give r(25).
-102
Let g(s) = 481*s + 487. Determine g(-1).
6
Let n(u) = 2*u**2 - 37*u + 76. What is n(9)?
-95
Let l(a) = 4*a**2 - 116*a - 40. Calculate l(30).
80
Let g(r) = 163*r**3 - 170*r - 169. Calculate g(-1).
-162
Let x(l) = 2*l**3 - 9*l**2 + 319*l - 1621. Determine x(5).
-1
Let l(p) = -p**3 + 12*p**2 - 61*p + 67. What is l(6)?
-83
Let i(y) = y**3 + 15*y**2 - 37*y + 14. Give i(-16).
350
Let k(p) = -p**3 - 61*p**2 + 75*p - 3206. What is k(-63)?
7
Let v(l) = 105*l - 2835. Give v(27).
0
Let k(q) = 4388*q - 184293. Calculate k(42).
3
Let m(d) = -d**2 - 27*d + 12. Determine m(-28).
-16
Let j(t) = -529*t - 1599. Give j(-3).
-12
Let w(a) = 3*a**2 - 222*a + 4082. Give w(39).
-13
Let c(o) = 2*o**3 + 36*o**2 + 110*o - 22. Give c(-14).
6
Let o(v) = 2*v**3 + 10*v**2 + 21*v + 17. Give o(-2).
-1
Let q(g) = 4*g - 106. Determine q(34).
30
Let y(w) = -1084*w - 19367. Calculate y(-18).
145
Let w(d) = 7*d**2 + 1044*d - 3051. Give w(-152).
-11
Let t(v) = 2*v**3 + 49*v**2 + 36*v + 301. Give t(-24).
13
Let z(c) = -25*c - 338. What is z(-14)?
12
Let f(w) = 4315*w + 125128. Give f(-29).
-7
Let r(w) = w**2 + 3*w - 5. Calculate r(-4).
-1
Let o(q) = q**3 + 51*q**2 + 227*q - 146. Give o(-46).
-8
Let h(w) = 2*w**2 + 8*w + 214. What is h(-13)?
448
Let c(i) = i**2 - 19*i + 76. Give c(4).
16
Let y(q) = q**3 - 32*q**2 - 43*q + 2290. What is y(31)?
-4
Let g(m) = m**3 - 14*m**2 - 597*m + 8736. What is g(15)?
6
Let r(z) = -28*z**2 - 3*z - 2. Give r(-1).
-27
Let s(f) = 141*f - 280. Determine s(2).
2
Let q(u) = 132*u + 775. Determine q(-6).
-17
Let s(h) = 388*h - 1571. Determine s(4).
-19
Let w(a) = -223*a - 1503. Determine w(-7).
58
Let x(w) = -70*w + 196. Give x(4).
-84
Let o(c) = c**3 + 10*c**2 - 28*c + 7. Calculate o(-12).
55
Let f(k) = -k**3 + 9*k**2 + 32*k + 12. What is f(9)?
300
Let s(n) = 7*n - 28. Give s(1).
-21
Let c(k) = k**2 - 1442*k - 8693. Calculate c(-6).
-5
Let f(p) = -335*p + 4015. Determine f(12).
-5
Let m(g) = g**3 + 49*g**2 + 95*g + 71. Determine m(-47).
24
Let w(b) = -98*b + 5876. Give w(60).
-4
Let j(p) = p**2 + 127*p + 3281. What is j(-91)?
5
Let t(b) = 24*b - 875. Determine t(36).
-11
Let u(m) = -m**2 - 35*m - 144. Determine u(-29).
30
Let u(f) = -f**3 - 28*f**2 - 30*f - 65. Calculate u(-27).
16
Let x(n) = n**3 - 21*n**2 - 239*n - 54. Give x(-8).
2
Let q(p) = -461*p + 1458. Calculate q(4).
-386
Let t(z) = -22*z + 126. Give t(-4).
214
Let d(v) = -v**2 - 65*v - 405. Determine d(-63).
-279
Let z(d) = 13*d**2 - 262*d - 238. Determine z(21).
-7
Let r(s) = 12*s**2 - 78*s + 40. Determine r(6).
4
Let t(b) = 2*b**2 - 264*b + 8567. Give t(58).
-17
Let i(r) = -25*r - 75. Calculate i(4).
-175
Let i(w) = 18*w - 115. What is i(12)?
101
Let r(c) = -c**3 - 55*c**2 - 117*c - 575. What is r(-53)?
8
Let f(y) = 8219*y - 106829. Determine f(13).
18
Let g(i) = -34*i + 849. Calculate g(30).
-171
Let o(b) = -13*b**2 + 20*b - 20. Give o(1).
-13
Let q(w) = 11*w - 247. Determine q(20).
-27
Let i(m) = 15*m**2 - 34*m - 12. Calculate i(0).
-12
Let o(g) = -225*g + 249. What is o(-1)?
474
Let c(q) = 6*q**2 + 166*q + 887. Calculate c(-18).
-157
Let p(x) = -2*x**2 - 34*x - 52.